00 and 82680.
1560
What is the highest common divisor of 60504972 and 184008?
2244
Calculate the greatest common divisor of 137843 and 12670197.
307
Calculate the greatest common factor of 183063 and 185287.
139
Calculate the highest common factor of 115964 and 226628.
212
Calculate the highest common divisor of 990166 and 230679.
1349
What is the highest common factor of 134844 and 29478?
102
What is the highest common divisor of 34634204 and 220?
44
Calculate the highest common factor of 10192608 and 1440.
288
What is the greatest common factor of 39545376 and 18720?
1248
Calculate the greatest common factor of 108 and 368733132.
36
Calculate the greatest common factor of 833172 and 2982.
6
What is the greatest common factor of 296519725 and 200?
25
Calculate the greatest common factor of 218592816 and 1781.
1781
What is the highest common divisor of 21176 and 455612228?
10588
What is the greatest common factor of 3425 and 59968325?
3425
What is the greatest common divisor of 664644 and 43262?
194
What is the greatest common factor of 178175 and 44657782?
7127
Calculate the greatest common factor of 46464847 and 24661.
3523
What is the highest common divisor of 49487574 and 492?
246
Calculate the greatest common divisor of 1518 and 11093148.
66
Calculate the greatest common factor of 4848870 and 24180.
390
What is the highest common factor of 3487 and 332222?
11
What is the greatest common divisor of 140 and 41577060?
140
Calculate the greatest common divisor of 318436138 and 4678.
4678
What is the greatest common factor of 1224440 and 8920?
40
Calculate the greatest common factor of 936083 and 28168.
503
Calculate the greatest common divisor of 819122240 and 554.
554
What is the greatest common divisor of 478327226 and 6654?
2218
Calculate the greatest common divisor of 853249806 and 36.
18
Calculate the highest common factor of 13794 and 4260894.
726
Calculate the highest common divisor of 966797 and 48763.
403
Calculate the greatest common factor of 3042 and 264706.
26
What is the greatest common factor of 1976 and 10158369?
247
What is the greatest common divisor of 161895 and 80754?
129
Calculate the greatest common factor of 98 and 1201676.
98
What is the highest common factor of 63 and 28221768?
9
What is the highest common factor of 112463 and 16432?
13
What is the highest common divisor of 21493319 and 1854?
103
What is the highest common divisor of 17523657 and 9?
9
Calculate the highest common factor of 8246891 and 38661.
263
Calculate the highest common factor of 18601 and 41833.
11
Calculate the highest common divisor of 68 and 682293946.
34
Calculate the highest common factor of 65 and 2409062240.
65
What is the highest common divisor of 22149 and 39842199?
963
What is the greatest common divisor of 2307930 and 13110?
570
Calculate the highest common divisor of 10244331 and 3013.
131
Calculate the greatest common divisor of 9714 and 815096883.
4857
Calculate the greatest common factor of 4860 and 7273470.
30
What is the highest common divisor of 16440832 and 2167?
197
What is the highest common factor of 1897338 and 3774?
6
What is the highest common factor of 687985647 and 174?
87
What is the highest common factor of 56806368 and 600?
24
Calculate the greatest common divisor of 5030383 and 152.
19
Calculate the greatest common divisor of 58149 and 96558.
21
What is the greatest common divisor of 9 and 5607021?
3
What is the highest common factor of 20 and 112214270?
10
Calculate the greatest common factor of 60 and 1173139960.
20
What is the greatest common divisor of 2212 and 3305044?
316
Calculate the highest common divisor of 105586 and 2953002.
3406
Calculate the greatest common factor of 10064264 and 14.
14
Calculate the highest common factor of 219159 and 125361.
27
What is the highest common factor of 5769290 and 112030?
170
What is the highest common divisor of 6917196 and 1156056?
3828
What is the highest common factor of 14053 and 2637687?
611
What is the highest common factor of 82662 and 24?
6
Calculate the greatest common factor of 28004512 and 192.
32
Calculate the highest common factor of 214270 and 553.
7
What is the greatest common factor of 84 and 4979867424?
84
Calculate the greatest common factor of 5325947 and 40473.
1499
Calculate the greatest common factor of 32 and 45852248.
8
What is the greatest common divisor of 16 and 334820404?
4
Calculate the highest common factor of 23611104 and 6380.
1276
What is the highest common factor of 13286 and 502948173?
6643
What is the highest common divisor of 16656 and 30000?
48
What is the greatest common divisor of 104911864 and 40?
8
Calculate the greatest common divisor of 85381270 and 17056.
1066
Calculate the greatest common factor of 12636 and 10308168.
1404
What is the greatest common divisor of 3923241 and 56?
7
Calculate the greatest common factor of 39770649 and 18.
9
What is the highest common divisor of 407187 and 5157?
27
What is the highest common factor of 20703314 and 126028?
1286
Calculate the greatest common divisor of 59386 and 57799.
23
What is the highest common factor of 760 and 22410956?
76
Calculate the greatest common divisor of 4 and 56110906.
2
Calculate the highest common divisor of 1748 and 557916.
76
What is the highest common divisor of 11123132 and 30324?
1444
What is the highest common factor of 32101425 and 585?
45
Calculate the greatest common divisor of 14616 and 488264.
56
Calculate the greatest common divisor of 34476 and 4934384.
52
What is the highest common factor of 2516901 and 11271?
867
What is the highest common factor of 85827 and 1217743?
61
Calculate the highest common factor of 5 and 530427895.
5
Calculate the highest common divisor of 2065064 and 41407.
881
Calculate the highest common divisor of 3103 and 30189.
29
What is the greatest common factor of 49284 and 204?
12
Calculate the highest common factor of 744 and 10381497.
93
Calculate the greatest common factor of 2636 and 1290913123.
659
Calculate the highest common divisor of 24941085 and 390.
195
What is the highest common divisor of 38638416 and 4896?
816
Calculate the greatest common divisor of 368629 and 66501.
821
What is the highest common divisor of 56784748 and 508?
508
Calculate the greatest common factor of 370241 and 163.
1
What is the highest common factor of 403452 and 3204?
36
What is the highest common factor of 8204 and 175448?
28
What is the greatest common factor of 186780 and 53966?
22
Calculate the highest common divisor of 959144064 and 384.
384
Calculate the highest common factor of 19452576 and 198.
66
What is the highest common divisor of 143568791 and 2363?
2363
Calculate the highest common divisor of 23887765 and 264.
11
Calculate the greatest common divisor of 27 and 1416834.
9
What is the highest common divisor of 2729248 and 380596?
1972
What is the greatest common factor of 1676 and 25972972?
1676
Calculate the greatest common factor of 48 and 927876.
12
What is the highest common factor of 13146 and 64806?
42
What is the highest common divisor of 5884191 and 13095?
27
What is the highest common factor of 2268 and 503244?
252
Calculate the highest common divisor of 7330959 and 189.
27
What is the highest common divisor of 1535999 and 15136884?
8581
Calculate the greatest common factor of 40084545 and 15.
15
Calculate the greatest common divisor of 1175580 and 434700.
3780
Calculate the greatest common factor of 6384 and 387201.
57
Calculate the greatest common divisor of 57302 and 4501.
7
What is the highest common divisor of 1144690682 and 74?
74
What is the highest common factor of 3280 and 2250837680?
3280
Calculate the greatest common divisor of 20291688 and 121878.
1998
What is the highest common divisor of 484226 and 119382?
394
What is the greatest common factor of 551150 and 95130?
1510
What is the highest common factor of 8603942 and 4?
2
Calculate the highest common factor of 241332 and 76160.
476
What is the highest common factor of 370 and 6325142230?
370
What is the greatest common divisor of 19120 and 12943045?
1195
What is the greatest common factor of 690 and 11912620?
230
Calculate the greatest common factor of 25907535 and 45.
45
Calculate the highest common factor of 35221960 and 1360.
680
What is the highes